{"id":208,"date":"2017-09-17T16:20:37","date_gmt":"2017-09-17T16:20:37","guid":{"rendered":"http:\/\/web.siebenzwerge-ev.de\/?page_id=208"},"modified":"2017-09-18T21:08:21","modified_gmt":"2017-09-18T21:08:21","slug":"aussengelaende2","status":"publish","type":"page","link":"https:\/\/www.siebenzwerge-ev.de\/?page_id=208","title":{"rendered":"Aussengel\u00e4nde"},"content":{"rendered":"<p><strong>Wenn Eltern in Eigenregie R\u00e4ume und Au\u00dfengel\u00e4nde selber gestalten, kommt immer etwas Besonderes heraus.&nbsp;Hier einige Eindr\u00fccke vom Au\u00dfengel\u00e4nde. Mit Klick auf die Bilder erhaltet ihr noch weitere Infos.&nbsp;Kommt doch gerne nach Voranmeldung vorbei oder besucht uns an den Tagen der offenen T\u00fcr.<\/strong><\/p>\nngg_shortcode_0_placeholder\n","protected":false},"excerpt":{"rendered":"<p>Wenn Eltern in Eigenregie R\u00e4ume und Au\u00dfengel\u00e4nde selber gestalten, kommt immer etwas Besonderes heraus.&nbsp;Hier einige Eindr\u00fccke vom Au\u00dfengel\u00e4nde. Mit Klick auf die Bilder erhaltet ihr noch weitere Infos.&nbsp;Kommt doch gerne nach Voranmeldung vorbei oder besucht uns an den Tagen der &hellip; <\/p>\n","protected":false},"author":1,"featured_media":0,"parent":0,"menu_order":2,"comment_status":"closed","ping_status":"closed","template":"","meta":{"advanced_seo_description":"","jetpack_seo_html_title":"","jetpack_seo_noindex":false,"ngg_post_thumbnail":0,"jetpack_post_was_ever_published":false,"footnotes":""},"class_list":["post-208","page","type-page","status-publish","hentry"],"jetpack_sharing_enabled":true,"jetpack_shortlink":"https:\/\/wp.me\/P9634g-3m","jetpack-related-posts":[],"post_mailing_queue_ids":[],"_links":{"self":[{"href":"https:\/\/www.siebenzwerge-ev.de\/index.php?rest_route=\/wp\/v2\/pages\/208","targetHints":{"allow":["GET"]}}],"collection":[{"href":"https:\/\/www.siebenzwerge-ev.de\/index.php?rest_route=\/wp\/v2\/pages"}],"about":[{"href":"https:\/\/www.siebenzwerge-ev.de\/index.php?rest_route=\/wp\/v2\/types\/page"}],"author":[{"embeddable":true,"href":"https:\/\/www.siebenzwerge-ev.de\/index.php?rest_route=\/wp\/v2\/users\/1"}],"replies":[{"embeddable":true,"href":"https:\/\/www.siebenzwerge-ev.de\/index.php?rest_route=%2Fwp%2Fv2%2Fcomments&post=208"}],"version-history":[{"count":19,"href":"https:\/\/www.siebenzwerge-ev.de\/index.php?rest_route=\/wp\/v2\/pages\/208\/revisions"}],"predecessor-version":[{"id":504,"href":"https:\/\/www.siebenzwerge-ev.de\/index.php?rest_route=\/wp\/v2\/pages\/208\/revisions\/504"}],"wp:attachment":[{"href":"https:\/\/www.siebenzwerge-ev.de\/index.php?rest_route=%2Fwp%2Fv2%2Fmedia&parent=208"}],"curies":[{"name":"wp","href":"https:\/\/api.w.org\/{rel}","templated":true}]}}